{"id":723,"date":"2024-01-17T13:44:38","date_gmt":"2024-01-17T16:44:38","guid":{"rendered":"https:\/\/www.compredomundo.com.br\/loja2\/?post_type=product&#038;p=723"},"modified":"2024-01-17T13:44:38","modified_gmt":"2024-01-17T16:44:38","slug":"bugs-bunny-3-funny-stories-1975","status":"publish","type":"product","link":"https:\/\/www.compredomundo.com.br\/loja2\/produto\/bugs-bunny-3-funny-stories-1975\/","title":{"rendered":"Bugs Bunny &#8211; 3 Funny Stories (1975)"},"content":{"rendered":"<p><strong>Lado A<\/strong><\/p>\n<p>1 &#8211; Getting The Bugs Out<br \/>\n2 &#8211; Moon Bunny (Beginning)<\/p>\n<p>&nbsp;<\/p>\n<p><strong>Lado B<\/strong><\/p>\n<p>1 &#8211; Moon Bunny (Conclusion)<br \/>\n2 &#8211; Maestro Bugs<\/p>\n","protected":false},"excerpt":{"rendered":"<p>Bugs Bunny \u2013 3 Funny Stories<br \/>\nBR 511<br \/>\nImportado dos USA (MUITO RARO)<br \/>\nGravado pela Peter Pan Records em 1975<\/p>\n<p>LP em estado Ruim, com muitos riscos<br \/>\nPara um Disco de 1975 a Capa e o encarte est\u00e1 em condi\u00e7\u00e3o boa<\/p>\n","protected":false},"featured_media":724,"comment_status":"open","ping_status":"closed","template":"","meta":{"jetpack_publicize_message":"","jetpack_publicize_feature_enabled":true,"jetpack_social_post_already_shared":false,"jetpack_social_options":{"image_generator_settings":{"template":"highway","enabled":false}}},"product_cat":[21,22],"product_tag":[317,318,319,239,27,320,28],"jetpack_publicize_connections":[],"jetpack_sharing_enabled":true,"jetpack_likes_enabled":true,"_links":{"self":[{"href":"https:\/\/www.compredomundo.com.br\/loja2\/wp-json\/wp\/v2\/product\/723"}],"collection":[{"href":"https:\/\/www.compredomundo.com.br\/loja2\/wp-json\/wp\/v2\/product"}],"about":[{"href":"https:\/\/www.compredomundo.com.br\/loja2\/wp-json\/wp\/v2\/types\/product"}],"replies":[{"embeddable":true,"href":"https:\/\/www.compredomundo.com.br\/loja2\/wp-json\/wp\/v2\/comments?post=723"}],"version-history":[{"count":0,"href":"https:\/\/www.compredomundo.com.br\/loja2\/wp-json\/wp\/v2\/product\/723\/revisions"}],"wp:featuredmedia":[{"embeddable":true,"href":"https:\/\/www.compredomundo.com.br\/loja2\/wp-json\/wp\/v2\/media\/724"}],"wp:attachment":[{"href":"https:\/\/www.compredomundo.com.br\/loja2\/wp-json\/wp\/v2\/media?parent=723"}],"wp:term":[{"taxonomy":"product_cat","embeddable":true,"href":"https:\/\/www.compredomundo.com.br\/loja2\/wp-json\/wp\/v2\/product_cat?post=723"},{"taxonomy":"product_tag","embeddable":true,"href":"https:\/\/www.compredomundo.com.br\/loja2\/wp-json\/wp\/v2\/product_tag?post=723"}],"curies":[{"name":"wp","href":"https:\/\/api.w.org\/{rel}","templated":true}]}}