{"id":717,"date":"2024-01-17T13:30:42","date_gmt":"2024-01-17T16:30:42","guid":{"rendered":"https:\/\/www.compredomundo.com.br\/loja2\/?post_type=product&#038;p=717"},"modified":"2024-01-17T13:30:43","modified_gmt":"2024-01-17T16:30:43","slug":"sesame-street-somebody-come-and-play-1974","status":"publish","type":"product","link":"https:\/\/www.compredomundo.com.br\/loja2\/produto\/sesame-street-somebody-come-and-play-1974\/","title":{"rendered":"Sesame Street &#8211; Somebody Come and Play (1974)"},"content":{"rendered":"<p><strong>Lado A<\/strong><\/p>\n<p>1 &#8211; Somebody Come And Play<br \/>\n2 &#8211; Goin&#8217; For A Ride<br \/>\n3 &#8211; One Of These Things<br \/>\n4 &#8211; The Word Family Song<br \/>\n5 &#8211; Everybody Wash<br \/>\n6 &#8211; Stop<br \/>\n7 &#8211; What&#8217;s My Part? &#8211; Nose<\/p>\n<p>&nbsp;<\/p>\n<p><strong>Lado B<\/strong><\/p>\n<p>1 &#8211; Play Along<br \/>\n2 &#8211; Marching Song<br \/>\n3 &#8211; Rub Your Tummy<br \/>\n4 &#8211; Pat, Pat, Patty Pat<br \/>\n5 &#8211; What&#8217;s My Part? &#8211; Foot<br \/>\n6 &#8211; My Name Is David<br \/>\n7 &#8211; Show Me How You Feel<\/p>\n","protected":false},"excerpt":{"rendered":"<p>Sesame Street \u2013 Somebody Come And Play<br \/>\nCTW 22060<br \/>\nImportado dos USA (MUITO RARO)<br \/>\nGravado pela Sesame Street Records em 1974<\/p>\n<p>LP em estado Ruim, com muitos riscos<br \/>\nPara um Disco de 1974 a Capa est\u00e1 em condi\u00e7\u00e3o boa<\/p>\n","protected":false},"featured_media":718,"comment_status":"open","ping_status":"closed","template":"","meta":{"jetpack_publicize_message":"","jetpack_publicize_feature_enabled":true,"jetpack_social_post_already_shared":false,"jetpack_social_options":{"image_generator_settings":{"template":"highway","enabled":false}}},"product_cat":[21,22],"product_tag":[283,239,27,316,313,315,314,28],"jetpack_publicize_connections":[],"jetpack_sharing_enabled":true,"jetpack_likes_enabled":true,"_links":{"self":[{"href":"https:\/\/www.compredomundo.com.br\/loja2\/wp-json\/wp\/v2\/product\/717"}],"collection":[{"href":"https:\/\/www.compredomundo.com.br\/loja2\/wp-json\/wp\/v2\/product"}],"about":[{"href":"https:\/\/www.compredomundo.com.br\/loja2\/wp-json\/wp\/v2\/types\/product"}],"replies":[{"embeddable":true,"href":"https:\/\/www.compredomundo.com.br\/loja2\/wp-json\/wp\/v2\/comments?post=717"}],"version-history":[{"count":0,"href":"https:\/\/www.compredomundo.com.br\/loja2\/wp-json\/wp\/v2\/product\/717\/revisions"}],"wp:featuredmedia":[{"embeddable":true,"href":"https:\/\/www.compredomundo.com.br\/loja2\/wp-json\/wp\/v2\/media\/718"}],"wp:attachment":[{"href":"https:\/\/www.compredomundo.com.br\/loja2\/wp-json\/wp\/v2\/media?parent=717"}],"wp:term":[{"taxonomy":"product_cat","embeddable":true,"href":"https:\/\/www.compredomundo.com.br\/loja2\/wp-json\/wp\/v2\/product_cat?post=717"},{"taxonomy":"product_tag","embeddable":true,"href":"https:\/\/www.compredomundo.com.br\/loja2\/wp-json\/wp\/v2\/product_tag?post=717"}],"curies":[{"name":"wp","href":"https:\/\/api.w.org\/{rel}","templated":true}]}}